 7 divide 302?
False
Does 33 divide 11536?
False
Is 873 a multiple of 12?
False
Is 425 a multiple of 27?
False
Is 30 a factor of 82980?
True
Does 22 divide 609?
False
Is 11440 a multiple of 286?
True
Is 1425 a multiple of 48?
False
Does 34 divide 102?
True
Is 94 a factor of 193?
False
Does 3 divide 85?
False
Is 2555 a multiple of 73?
True
Is 15 a factor of 9618?
False
Is 27 a factor of 3654?
False
Is 4590 a multiple of 11?
False
Is 119 a factor of 2982?
False
Is 21 a factor of 1071?
True
Is 181 a factor of 4163?
True
Is 264 a multiple of 3?
True
Is 593 a multiple of 12?
False
Is 4085 a multiple of 50?
False
Is 108319 a multiple of 203?
False
Does 67 divide 1364?
False
Is 56 a factor of 340?
False
Does 8 divide 176?
True
Is 9 a factor of 4389?
False
Is 2 a factor of 1572?
True
Is 146048 a multiple of 28?
True
Does 15 divide 1140?
True
Does 28 divide 234?
False
Is 5316 a multiple of 64?
False
Does 22 divide 2148?
False
Does 8 divide 5408?
True
Does 139 divide 4865?
True
Does 75 divide 315?
False
Does 17 divide 745?
False
Is 7920 a multiple of 90?
True
Does 3 divide 18486?
True
Is 912 a multiple of 19?
True
Does 39 divide 27534?
True
Is 22 a factor of 133?
False
Is 9897 a multiple of 82?
False
Does 69 divide 48852?
True
Is 1346 a multiple of 39?
False
Does 101 divide 5443?
False
Does 82 divide 1066?
True
Does 28 divide 18285?
False
Is 182 a multiple of 3?
False
Is 1000 a multiple of 25?
True
Is 56 a factor of 38808?
True
Is 45 a factor of 450?
True
Is 68 a factor of 2070?
False
Is 8 a factor of 501?
False
Is 3069 a multiple of 93?
True
Is 36 a factor of 51588?
True
Does 60 divide 403?
False
Is 1050 a multiple of 27?
False
Is 38 a factor of 13664?
False
Does 9 divide 639?
True
Does 52 divide 2016?
False
Is 36 a multiple of 3?
True
Is 5880 a multiple of 12?
True
Is 14 a factor of 32743?
False
Does 6 divide 24?
True
Is 396 a multiple of 2?
True
Does 20 divide 3781?
False
Is 1808 a multiple of 3?
False
Is 150 a factor of 6058?
False
Does 28 divide 2688?
True
Does 25 divide 12355?
False
Does 24 divide 905?
False
Is 2110 a multiple of 22?
False
Is 164 a factor of 961?
False
Is 6930 a multiple of 33?
True
Is 24475 a multiple of 56?
False
Is 757 a multiple of 6?
False
Is 2220 a multiple of 12?
True
Is 574 a multiple of 7?
True
Is 37238 a multiple of 43?
True
Is 1728 a multiple of 15?
False
Is 44183 a multiple of 391?
True
Is 13 a factor of 38441?
True
Is 22 a factor of 598?
False
Is 18 a factor of 3291?
False
Is 14 a factor of 63835?
False
Does 16 divide 178704?
True
Does 7 divide 2212?
True
Is 228 a multiple of 4?
True
Is 12 a factor of 21704?
False
Does 53 divide 1166?
True
Is 2288 a multiple of 26?
True
Is 50 a factor of 4761?
False
Is 8516 a multiple of 4?
True
Is 14 a factor of 364?
True
Is 19 a factor of 1025?
False
Is 1619 a multiple of 15?
False
Is 11 a factor of 4411?
True
Is 7150 a multiple of 25?
True
Is 26815 a multiple of 155?
True
Does 5 divide 681?
False
Is 186 a multiple of 3?
True
Is 58 a multiple of 5?
False
Is 10120 a multiple of 110?
True
Does 38 divide 59328?
False
Is 158 a factor of 12008?
True
Is 94697 a multiple of 14?
False
Is 59 a factor of 3227?
False
Is 45 a factor of 31229?
False
Is 2826 a multiple of 18?
True
Is 103 a factor of 10129?
False
Is 4631 a multiple of 133?
False
Does 88 divide 2728?
True
Is 244 a multiple of 3?
False
Does 46 divide 598?
True
Is 122 a factor of 2318?
True
Is 267 a multiple of 6?
False
Is 462 a multiple of 12?
False
Is 38309 a multiple of 29?
True
Does 55 divide 8690?
True
Is 1668 a multiple of 27?
False
Does 16 divide 22?
False
Is 5712 a multiple of 13?
False
Is 5568 a multiple of 24?
True
Is 4159 a multiple of 17?
False
Does 74 divide 12435?
False
Is 138 a factor of 16422?
True
Is 28513 a multiple of 50?
False
Is 4449 a multiple of 10?
False
Is 21 a factor of 273?
True
Does 4 divide 627?
False
Does 113 divide 226?
True
Is 8425 a multiple of 52?
False
Is 89 a factor of 50107?
True
Does 61 divide 424?
False
Is 46 a factor of 415?
False
Is 96 a factor of 55200?
True
Is 100 a factor of 30400?
True
Does 58 divide 33176?
True
Does 18 divide 6534?
True
Is 14960 a multiple of 85?
True
Does 13 divide 1092?
True
Is 1754 a multiple of 2?
True
Does 5 divide 365?
True
Does 54 divide 266?
False
Does 4 divide 512?
True
Is 1580 a multiple of 20?
True
Is 29 a factor of 3190?
True
Is 12629 a multiple of 39?
False
Does 156 divide 10699?
False
Is 91 a multiple of 2?
False
Is 4 a factor of 596?
True
Is 46 a factor of 184?
True
Does 45 divide 135?
True
Is 271 a factor of 13550?
True
Does 19 divide 21857?
False
Does 45 divide 40545?
True
Is 524 a multiple of 11?
False
Is 33 a factor of 215?
False
Is 355 a factor of 30192?
False
Is 274 a multiple of 12?
False
Does 26 divide 546?
True
Is 4 a factor of 464?
True
Is 14317 a multiple of 16?
False
Is 2288 a multiple of 55?
False
Is 7766 a multiple of 22?
True
Does 86 divide 17114?
True
Is 23 a factor of 7797?
True
Does 18 divide 54139?
False
Is 39 a factor of 30420?
True
Is 44 a factor of 132?
True
Is 10252 a multiple of 20?
False
Is 19 a factor of 22610?
True
Is 23322 a multiple of 17?
False
Is 37045 a multiple of 41?
False
Is 459 a multiple of 28?
False
Is 62370 a multiple of 462?
True
Does 21 divide 1008?
True
Does 18 divide 216?
True
Is 57 a factor of 912?
True
Is 14 a factor of 21749?
False
Is 6 a factor of 6263?
False
Is 23 a factor of 5405?
True
Does 26 divide 5215?
False
Does 15 divide 24?
False
Does 18 divide 10260?
True
Does 46 divide 26794?
False
Does 91 divide 3221?
False
Does 9 divide 3213?
True
Does 7 divide 615?
False
Is 130808 a multiple of 69?
False
Does 3 divide 42?
True
Is 17 a factor of 1003?
True
Is 111 a factor of 10061?
False
Does 33 divide 6105?
True
Does 8 divide 7207?
False
Does 62 divide 7297?
False
Is 50 a factor of 2050?
True
Is 40 a factor of 1606?
False
Is 769 a multiple of 61?
False
Is 21 a factor of 98323?
False
Does 34 divide 655?
False
Is 63963 a multiple of 309?
True
Is 827 a multiple of 8?
False
Is 12 a factor of 12456?
True
Does 87 divide 55854?
True
Does 26 divide 28005?
False
Is 9325 even?
False
Is 33 a factor of 825?
True
Is 180 a multiple of 3?
True
Is 38268 a multiple of 10?
False
Is 15339 a multiple of 102?
False
Is 13 a factor of 10088?
True
Is 1553 a multiple of 40?
False
Is 9 a factor of 207?
True
Is 7 a factor of 27349?
True
Does 57 divide 17328?
True
Is 39 a factor of 81477?
False
Is 1736 a multiple of 31?
True
Is 14 a factor of 269?
False
Does 44 divide 6762?
False
Is 2212 a multiple of 28?
True
Is 13 a factor of 17670?
False
Is 9336 a multiple of 7?
False
Does 26 divide 2478?
False
Does 97 divide 1649?
True
Does 58 divide 1566?
True
Is 13 a factor of 286?
True
Is 188 a multiple of 47?
True
Does 29 divide 1130?
False
Is 2323 a multiple of 5?
False
Is 2 a factor of 26390?
True
Is 235 a multiple of 47?
True
Is 33221 a multiple of 239?
True
Does 27 divide 2700?
True
Is 3016 a multiple of 29?
True
Is 40 a factor of 2421?
False
Is 16 a factor of 575?
False
Does 14 divide 3250?
False
Does 10 divide 1160?
True
Does 6 divide 235?
False
Does 25 divide 54064?
False
Does 61 divide 3033?
False
Is 658 a multiple of 15?
False
Does 19 divide 5562?
False
Is 16 a factor of 1952?
True
Is 467 a multiple of 10?
False
Does 22 divide 57342?
False
Is 3514 a multiple of 43?
False
Is 1960 a multiple of 8?
True
Does 58 divide 2647?
False
Is 22 a factor of 10164?
True
Does 62 divide 868?
True
Is 7067 a multiple of 37?
True
Is 18 a factor of 727?
False
Is 68200 a multiple of 62?
True
Does 10 divide 3590?
True
Is 238 a multiple of 20?
False
Is 27 a factor of 3942?
True
Is 57 a factor of 7125?
True
Is 67 a factor of 12755?
False
Is 13 a factor of 363?
False
Does 64 divide 443?
False
Is 21 a factor of 1474?
False
Does 18 divide 2610?
True
Does 134 divide 4719?
False
Is 10417 a multiple of 11?
True
Is 9 a factor of 1638?
True
Is 7578 a multiple of 121?
False
Does 99 divide 78010?
False
Is 11 a factor of 1960?
False
Is 35 a factor of 175?
True
Is 1672 a multiple of 44?
True
Does 12 divide 1006?
False
Is 10 a factor of 1709?
False
Is 180 a multiple of 3?
True
Is 55 a factor of 57750?
True
Does 33 divide 1074?
False
Is 36 a factor of 900?
True
Does 18 divide 45199?
False
Is 33 a factor of 5978?
False
Is 34 a factor of 34?
True
Is 12 a factor of 1093?
False